 v = f + p. What is the units digit of v?
4
Suppose 0*r + 3985168 = 18*r + 70*r. What is the tens digit of r?
8
Let j(m) = -5*m**2 + m + 26. Let t be j(0). Suppose -1250 = 21*l - t*l. What is the units digit of l?
0
Let a(r) = -108*r - 15. Let p(b) = -50*b - 7. Let g(y) = -6*a(y) + 13*p(y). Let c(u) = -4*u + 1. Let d be c(3). What is the units digit of g(d)?
1
Suppose 9*k - 18 = 9. Suppose 2*j - 3*j + p = -43, -4*j + 162 = -2*p. Suppose k*s = s + j. What is the tens digit of s?
1
Let t(d) = 2*d**3 - 70*d**2 - 15*d + 5. Let x be t(36). Suppose x = 8*p + 433. What is the tens digit of p?
0
Let o(y) = -3*y - 28. Let j be o(-8). Let r be -7 + (-1 - j) + 225. Suppose 32*u - r = 31*u. What is the tens digit of u?
2
Suppose -180839 = -2*p + y, 3*p - 442666 = y - 171407. What is the ten thousands digit of p?
9
Let n(l) = 2*l - 3. Let i be n(2). Let j be ((-4)/30)/i - (-1426)/345. Suppose -j*s - 134 = -2*f, 2*s - 2 - 4 = 0. What is the tens digit of f?
7
Suppose 0 = 3*m + 9, 10*r - 4*m + 223 = 5*r. Let n = r + -132. Let t = n - -262. What is the tens digit of t?
8
Suppose 2*l - s - 12 = -6*s, 0 = -l + 3*s - 16. What is the units digit of 33*(l + 7 + 3 + -1)?
5
Let v be 0 + 2 + (-23 - -30). What is the hundreds digit of (-381)/(-2)*6/v?
1
Let j be -471*(-4)/12 - -7. Suppose -a = 2*y - j, -2*y - 408 = -7*y - 3*a. What is the tens digit of y?
8
Let k be (-1 - (2 + 2)) + 10. Suppose l - 1094 = 4*x, 0 = k*l + 5*x + 203 - 5598. What is the units digit of l?
2
Let v = 5742 + 3586. Suppose -9*f + v = 2*f. What is the units digit of f?
8
Let f = -2875 + 16311. What is the thousands digit of f?
3
Suppose 1 = -2*w + 4*p - 13, 0 = 5*w - p - 10. Suppose -3*c = k - 1015, -k + 2*c + 1023 = w*c. What is the hundreds digit of k?
0
What is the units digit of (-314108)/(-133) - (3 - (-23)/(-7))?
2
Let v(h) = -23*h**2 + 107*h + 10. Let o(x) = 9*x**2 - 53*x - 5. Let z(a) = 5*o(a) + 2*v(a). What is the hundreds digit of z(-42)?
3
Suppose 9*p = -4 + 22. Suppose -p*v = 5*g + 10, 0*g - 45 = -5*v + 5*g. Suppose 4*x = 2*k + 328, -v*k - 85 = -4*x + 237. What is the units digit of x?
3
Let s(l) = 183*l**2 + 1032*l - 5136. What is the hundreds digit of s(5)?
5
Let x = -4255 + 8702. What is the thousands digit of x?
4
Suppose 0 = -7*o + 28 + 21. Suppose 0 = -o*m + 197 + 55. Let s = 39 - m. What is the units digit of s?
3
Let t = -9387 - -12179. What is the hundreds digit of t?
7
Let x be 57/(-19)*(-358)/3. Suppose -5*n = 3*h - 193 - x, -3*n + 335 = 4*h. Suppose -3*m + 71 + n = 0. What is the units digit of m?
0
Suppose -10*a = -12*a + 5*r + 17010, -2*a = -3*r - 17026. What is the units digit of a?
5
Let g = -89 - -114. Let k be (1 - 265/g)*-15. Let z = 280 - k. What is the units digit of z?
6
Let k(w) = -5*w**3 + 13*w**2 - 9*w + 5. What is the hundreds digit of k(-16)?
9
Let m be 7718*5/10 + 16/(-4). What is the tens digit of (4/(-3))/((-20)/m)?
5
Let t(a) = a**3 + 40*a**2 + 38*a + 598. What is the thousands digit of t(-31)?
8
Let w(x) = x**2 - 41*x + 39. Let g(i) = -9*i + 351. Let j be g(41). What is the units digit of w(j)?
1
Suppose -224*o + 15875 = -100967 - 221174. What is the tens digit of o?
0
Suppose 72*m - 264 = 78*m. Let l(k) = -41*k - 398. What is the tens digit of l(m)?
0
Let f = -8014 - -14087. What is the units digit of f?
3
Suppose x = 2*s - 29819, -126*s - 2*x = -123*s - 44704. What is the ten thousands digit of s?
1
Suppose 3*i = -3*i + 13500. Suppose -19*l = -10*l - i. Let k = -143 + l. What is the tens digit of k?
0
Suppose -13*t - 28 = -12*t. What is the tens digit of (-1 + -1 + -2)*217/t?
3
Let b(k) = 52*k - 41. Let u be b(7). Suppose u*i = 319*i + 3356. What is the tens digit of i?
3
Let x = 1474 - 549. Suppose 4*g - x = -249. What is the units digit of g?
9
Suppose -p + 5*r - 17 = 0, 3 = 3*p + 3*r - 18. Suppose 0 = p*o - 158 - 1081. What is the units digit of o?
3
Suppose -62*d = 100*d - 1672974. What is the thousands digit of d?
0
What is the units digit of (1794/4 + -1)*57/(3819/9514)?
5
Let g(m) = 5*m + 9. Let l be g(-1). Suppose -3*d + l*a + 2288 = 0, -a = -d - 4*a + 754. What is the hundreds digit of d?
7
Suppose 12*i + 18*i + 558514 = 52*i. What is the units digit of i?
7
Let i be 4 - (-3)/(15/250). Let r = i - -217. What is the hundreds digit of r?
2
Suppose -7*c + 2 + 19 = 0. Let v(y) = -c*y - 7*y - 3*y - 13. What is the tens digit of v(-3)?
2
Let k = -50675 - -93455. What is the ten thousands digit of k?
4
Let f(o) = -8*o + 77. Let u be f(7). Suppose 6*g = -u*g + 14175. What is the units digit of g?
5
Let r(s) = s**2 - 57*s + 59. Let y(n) = 3*n**2 - 114*n + 115. Let c(d) = 5*r(d) - 2*y(d). What is the units digit of c(-34)?
7
Let z(x) = 8*x**3 - 79*x**2 - 68*x - 13. What is the tens digit of z(13)?
2
Let b(g) = -2*g + 18. Let t be b(6). Let a(y) = 9*y**2 + 9*y - 26. What is the hundreds digit of a(t)?
3
Suppose -13*q + 7994 = q. Let t = q - 155. What is the hundreds digit of t?
4
Let g be 8/3*84/112. What is the tens digit of (-4 + 1)*(g + (-232)/24)?
2
Suppose -5*k - 1 = -2*y - 0*y, -3*y + 5*k = -4. Suppose 0 = -4*v - 16, y*v - 3038 = -10*n + 5*n. What is the units digit of n?
0
What is the units digit of (3 - -9)*15/(-60) + 1675*2?
7
What is the ten thousands digit of 1281975/25 + (0 - 12)?
5
Let p(u) = -64*u + 265 + 68*u + 52 - 32. What is the units digit of p(31)?
9
Suppose 2*b - b - 29 = j, 0 = j + 4*b + 4. What is the units digit of j*15/((-360)/368)?
8
Let k = 104543 - 64740. What is the thousands digit of k?
9
Suppose -k = 4*k + 75. Let l = 3 + k. What is the units digit of 15/6*l/(-10)?
3
Suppose 5*q - 8*q = -414. Let k = -79 - -33. Let z = k + q. What is the tens digit of z?
9
Let u = -233 - -226. Let h(a) = -3*a**3 - 4*a**2 + 9*a - 6. What is the hundreds digit of h(u)?
7
Let z(f) = -f**3 - 7*f - 1. Let g be z(-5). Suppose -19*w = -97 + 40. Suppose a = 5*o - 3*o - g, w = a. What is the units digit of o?
1
Suppose 41*i - 40*i + 6 = 0. What is the tens digit of i/(-8) + -2186*(-7)/56?
7
Let a = -50 - -54. Suppose 0 = -3*n - 6, -570 = 3*q + a*n - 2338. Suppose -q = 32*y - 36*y. What is the units digit of y?
8
Let i be -1 - (-24)/21 - (-13180)/7. Suppose -3*f = -2*l - 1131, -5*f + i = l - 5*l. What is the hundreds digit of f?
3
Let i(u) = 2*u**2 - 4*u - 4. Let n(o) = o**2 - 13*o + 10. Let f be n(12). Let x be i(f). Suppose -5*k + 41 + 17 = 2*t, x = 3*t. What is the tens digit of k?
1
Let t = -30318 - -84916. What is the ten thousands digit of t?
5
What is the tens digit of ((-21)/(-12))/(20/(-80)) + 7987?
8
Let q = -13593 + 16181. What is the thousands digit of q?
2
Let r(o) = -1403*o + 149. What is the hundreds digit of r(-1)?
5
Suppose 8*n - 26*n = -72. Suppose 5*g - 5*c - 370 = 0, 5*g + 0*c + 4*c - 325 = 0. Suppose 115 = n*q - g. What is the tens digit of q?
4
Let h(m) = 4*m**2 - 15*m - 1. Let s be h(-6). Suppose 0 = -2*v + y + 260, 3*v - 150 = -2*y + s. Suppose -6*u - 9 = -v. What is the units digit of u?
0
Let p be ((-12)/(-5))/((-4)/30). Let t = p + 26. Suppose -2*c = -t*c + 306. What is the units digit of c?
1
Suppose 7*g - 390 = 7592 + 20354. What is the tens digit of g?
4
Let n be (-10 - -7)*(6 + 17). Let z be 128/1 + (-2 - -1). Let d = z + n. What is the tens digit of d?
5
Let t(i) be the third derivative of 73*i**4/24 + i**3/3 + 12*i**2 + i. What is the tens digit of t(5)?
6
Let r(k) = 5*k**2 - 4*k - 4. Let s be r(-3). Let m(g) = -25*g - 371. Let d be m(-17). Suppose 0 = -d*h + s*h + 175. What is the tens digit of h?
7
Suppose 5*l - 19 = 2*k - k, 4*k - 2*l - 14 = 0. What is the tens digit of (-1)/(-2)*58*k?
7
Let w = 27349 + -15643. What is the units digit of w?
6
Suppose -4*q + 22708 = 4*i, 3*q - 28393 = 55*i - 60*i. What is the thousands digit of i?
5
Let n(t) = t**2 - 16*t - 38. Let f(j) = 2*j**2 - 31*j - 76. Let i(x) = 3*f(x) - 5*n(x). What is the tens digit of i(-19)?
7
Let y = -14336 + 38530. What is the thousands digit of y?
4
Let y = -83 - -86. Let n = -56 + 66. Suppose 0*z + y*u = z - 211, -n = -5*u. What is the units digit of z?
7
Suppose f + 17 = 2*k, 4*k - 10 - 9 = f. Let j be 18/8*9760/f. What is the hundreds digit of (-10)/25 + j/(-10)?
1
Let u(l) = 7*l**2 - 13*l + 5. Let m be u(6). Let v = -6 - m. Let a = -91 - v. What is the units digit of a?
4
Let c(n) = 819*n - 715. What is the units digit of c(4)?
1
Suppose 93